the remainder when g is divided by 13 - 1*(c - -2).
10
Calculate the remainder when 57 is divided by 62/3 - 6/9.
17
Let u be (16/(-6))/((-6)/9). Suppose 5*b - 9 = -2*i + 41, -2*b = -i + 16. Suppose -i = 2*n - u*n. Calculate the remainder when 17 is divided by n.
7
Let j be 1 - (2/(-2) + 9). Let s = j + 10. Calculate the remainder when s is divided by 2.
1
Suppose 2*s - t = 2*t + 21, 4*t = 3*s - 29. Suppose -68 = -4*l - 4*u, s*l - 12 = -2*u + 35. Calculate the remainder when l is divided by 3.
1
Suppose 5*j - 8 = -3. Suppose 0 = 2*z - 7 - 3. Let t = j + z. Calculate the remainder when 10 is divided by t.
4
Suppose 3*o = -15, -o + 410 + 25 = 5*u. Calculate the remainder when u is divided by 13.
10
Suppose 9 = -3*h, -3*z + 2*h = 5*h. What is the remainder when 4 is divided by z?
1
Let f = -103 + 112. What is the remainder when 42 is divided by f?
6
Suppose 5*p = 150 - 25. Calculate the remainder when p is divided by ((-14)/(-6))/(1/6).
11
Suppose 0 = 5*o + 5. Let k(i) = i**2 - i - 4. What is the remainder when (3 + 20)/((-1)/o) is divided by k(4)?
7
Let i(d) = d + 10. Calculate the remainder when i(-3) is divided by 3.
1
Suppose -2*g = 2*m - 42, m + 9 - 108 = -4*g. Suppose -g + 4 = -2*h. Let f = 113 + -81. What is the remainder when f is divided by h?
10
Let t be (2/(-3))/((-6)/18). What is the remainder when (22*-1)/(-2) - t is divided by 5?
4
Let l = 54 - -7. Suppose 4*n + l = 3*k, -k = -6*k - 3*n + 63. Let p = 17 - 9. Calculate the remainder when k is divided by p.
7
Suppose -12*c + 1245 = 3*c. Calculate the remainder when c is divided by 14.
13
Let k be 5/10 - (-17)/2. Let u(i) = i**2 - 6*i - 3. What is the remainder when u(k) is divided by 9?
6
Suppose m - 12 - 1 = 0. Let t = 12 + m. Suppose -5*u + 13 + 57 = 0. Calculate the remainder when t is divided by u.
11
Let l(i) = -i**3 + 8*i**2 - 10*i - 3. Suppose 0 = -0*j + 5*j - 520. Suppose -3*z + j = z. Calculate the remainder when z is divided by l(6).
8
Suppose 5*g + 5*i - 45 = 0, 2*g + 7 - 24 = -3*i. What is the remainder when 18 is divided by g?
8
Let d = -52 - -105. What is the remainder when d is divided by 7?
4
Suppose -8 = a + 3*a. Let y(o) = 5*o**2 + 1. What is the remainder when 61 is divided by y(a)?
19
Suppose 4*b - 37 + 5 = 0. Let h = -16 + 22. Suppose b = h*y - 2*y. What is the remainder when 2 is divided by y?
0
Let r(u) = -u**3 - 3*u**2 - u + 1. Let i be r(-3). Suppose 2*k = k + h + 28, i*k = h + 106. What is the remainder when 51 is divided by k?
25
Suppose -5*j - 8*u + 129 = -4*u, j - 37 = 2*u. Let w = -5 + j. What is the remainder when w is divided by 9?
6
Suppose -4*x = -9*x. Suppose 3 + 3 = 3*s. Let z = s - x. Calculate the remainder when 3 is divided by z.
1
Let f = -99 + 147. Calculate the remainder when f is divided by 14.
6
Suppose -2*j + 25 = 3*j. Calculate the remainder when 14 is divided by j + -3 - (0 + -2).
2
Suppose 3*c = c + 4*b + 28, -4*b = 20. Let n = 19 + -9. Suppose 2*v = v + n. What is the remainder when v is divided by c?
2
Let s = 34 - 29. Calculate the remainder when 49 is divided by s.
4
Let s(c) = -c**2 - 5*c - 2. Let h be s(-3). Suppose -y + 2*n = -45, h*n - 36 = y - 89. Calculate the remainder when y is divided by 13.
11
Let g = 70 + -56. Suppose -6*m - 25 = -m. Calculate the remainder when (-10)/(m/4 + 1) is divided by g.
12
Let h = 129 - 30. Calculate the remainder when h is divided by 25.
24
Suppose 0 = b - 5 - 34. Calculate the remainder when b is divided by 21.
18
Let n = 34 - 7. Let v = -6 + n. What is the remainder when v is divided by 8?
5
Let f(c) = 4*c - 6. Let s be f(6). Calculate the remainder when ((-24)/s)/((-3)/9) is divided by 4.
0
Let k(x) = -9*x - 9. Calculate the remainder when 16 is divided by k(-2).
7
What is the remainder when 59 is divided by -6*6/(12/(-5))?
14
Suppose 2*m + 4*t = 24, 4*m + 2*t = 25 + 5. Let v = 9 + m. What is the remainder when 43 is divided by v?
13
Let t = -2 + 3. Let g be ((-1 + t)*1)/2. Suppose -2*j - j + 18 = g. Calculate the remainder when 17 is divided by j.
5
What is the remainder when (-362)/(-18) + 2/(-18) is divided by 11?
9
Suppose -3*a - 8 = -3*p - 5, 2*p - 1 = a. Suppose -3*s = -p*s - 450. Suppose 5*y - s = -15. What is the remainder when y is divided by 10?
7
Let h(f) be the first derivative of -f**3/3 - f**2/2 + 8*f - 1. Let k be h(0). Suppose 5*w - k = 4*w. What is the remainder when 22 is divided by w?
6
Let x(k) = -3*k**2 + 5*k + 8. Let t be x(6). Let u = t + 111. Suppose c = -c + 28. What is the remainder when u is divided by c?
13
Suppose -4*g = 2*l - 6, l - 15 = 6*g - 4*g. What is the remainder when 34 is divided by l?
7
Let m(r) = -3*r - 12. Suppose 0 = -2*u + 7*u + 40. Calculate the remainder when 34 is divided by m(u).
10
Let p = 155 - 102. Calculate the remainder when p is divided by 28.
25
Let v = 1 + 1. Suppose -3*r + f = -11, 0*r - 1 = -3*r - 4*f. Suppose -r*t - 57 = -3*l, 0*l - l - v*t = -4. What is the remainder when 27 is divided by l?
13
Suppose 20 = 4*m - 5*d, m + 25 = 6*m - 4*d. Calculate the remainder when 15 is divided by m.
0
Let c = -1 + 3. Let s be -1*-1*4 + -2. Suppose -d - 2*t = -4*t - 12, 4*d - 18 = s*t. Calculate the remainder when d is divided by c.
0
Let v(d) be the first derivative of d**2/2 - 3*d + 3. Suppose 5*a = 2*w - 4 - 10, 4*a = -2*w - 4. Calculate the remainder when v(8) is divided by w.
1
Let z(q) = -q**3 + 5*q**2 - 3*q + 9. What is the remainder when 49 is divided by z(4)?
10
Let c(k) = -k**2 - 5*k - 4. What is the remainder when 5 is divided by c(-3)?
1
Suppose 8 = 2*h + 2*s, -3*h - h + 4*s = -16. Calculate the remainder when 13 is divided by h.
1
Suppose -s = -h + 4*h - 17, -2*s - 21 = -5*h. Calculate the remainder when h is divided by 4.
1
Let t = -22 - -32. Suppose f - 44 = -3*l, 0 = -5*f - 4*l + 3*l + 192. What is the remainder when f is divided by t?
8
Let a(q) = 2*q**3 - 2*q**2 - 7*q - 1. Calculate the remainder when 40 is divided by a(3).
12
Let u be 2/(-7) + 1108/7. Calculate the remainder when 42 is divided by (-2)/7 - u/(-14).
9
Let o(m) = m + 1. Let r(t) = t**3 + 9*t**2 - 9*t - 8. Let z(s) = 3*o(s) + r(s). Calculate the remainder when z(-9) is divided by 0 - ((-38)/2 - -2).
15
Suppose 2*p = -2*p + 20. Let u be ((-4)/(-5))/(4/50). Suppose -5*q = -u, q = -p*z + 19 - 2. Calculate the remainder when 4 is divided by z.
1
Let l = 7 + -4. Suppose 2*n = l*n - 13. What is the remainder when n is divided by 7?
6
Let l(n) = -9*n**3. Let x(q) = q**2 - 3. Calculate the remainder when x(6) is divided by l(-1).
6
Suppose 6*j - j - 270 = 0. Suppose 17*s - 20*s + j = 0. Calculate the remainder when 33 is divided by s.
15
Suppose -3*w = -2*w + j + 9, 2*w = j - 6. Let o(p) = 2*p + p**2 - 2 - 4*p + 5*p. What is the remainder when 23 is divided by o(w)?
7
Suppose v - 1 + 0 = -k, 8 = -4*k. Let j be (3 - v) + (0 - 0). Suppose j = -3*g + 4*g - 29. Calculate the remainder when g is divided by 10.
9
Suppose 3 = -5*o + 28. What is the remainder when 5 is divided by o?
0
Suppose 0 = -4*t + 515 + 697. Suppose -2*n - 5*f = 2*n - 225, -t = -5*n + f. Suppose 2*g - n = -2*g. What is the remainder when 43 is divided by g?
13
Let w(i) = -i**2 + 3*i + 33. Let b = -20 + 38. Calculate the remainder when w(0) is divided by b.
15
Let g(l) = -l**3 - 4*l**2 - 4*l - 10. What is the remainder when g(-5) is divided by 18?
17
Let g = -38 + 14. Let u = 35 + g. What is the remainder when 32 is divided by u?
10
Suppose 345 = 4*l + 37. Calculate the remainder when l is divided by 26.
25
Let g = -92 - -126. Calculate the remainder when 133 is divided by g.
31
Suppose -5*p = -j + 86, 2*j - 5*p - 127 = -4*p. What is the remainder when j is divided by 8?
5
Let d(f) = f**2 + 4*f**2 - f - 4*f**2 - 6. Let y(u) = 2*u + 7. Let v be y(-6). Calculate the remainder when d(v) is divided by 13.
11
Let j(y) = y**2 + 2*y + 6. Suppose -2*d - d + 12 = 0. Suppose -248 = -0*h - d*h. What is the remainder when h is divided by j(-5)?
20
Suppose -4*o + 3*t - t + 106 = 0, t - 47 = -2*o. Let r(s) = -4*s - 1. Calculate the remainder when o is divided by r(-2).
4
Let n(c) = c**2 + 12*c + 11. Let g be n(-11). Suppose -102 = -g*p - 3*p. Calculate the remainder when 101 is divided by p.
33
Suppose 16 + 14 = 5*p + 5*s, -2*s - 6 = 0. Let w = 10 - 7. Suppose -45 = -d - 4*n, 0 = -3*d - 2*d - w*n + 140. What is the remaind